ivided by 30?
27
What is the remainder when 163 is divided by 55?
53
Calculate the remainder when 195 is divided by 40.
35
Calculate the remainder when 88 is divided by 18.
16
What is the remainder when 13779 is divided by 65?
64
Calculate the remainder when 150 is divided by 57.
36
What is the remainder when 815 is divided by 92?
79
Calculate the remainder when 1026 is divided by 86.
80
Calculate the remainder when 10145 is divided by 89.
88
What is the remainder when 232 is divided by 55?
12
What is the remainder when 267 is divided by 98?
71
Calculate the remainder when 14 is divided by 10.
4
Calculate the remainder when 354 is divided by 51.
48
Calculate the remainder when 18474 is divided by 9.
6
What is the remainder when 201 is divided by 101?
100
What is the remainder when 388 is divided by 189?
10
What is the remainder when 213 is divided by 36?
33
What is the remainder when 537 is divided by 15?
12
What is the remainder when 134 is divided by 9?
8
What is the remainder when 226 is divided by 119?
107
Calculate the remainder when 31 is divided by 7.
3
What is the remainder when 496 is divided by 152?
40
What is the remainder when 232 is divided by 47?
44
What is the remainder when 4630 is divided by 19?
13
What is the remainder when 43 is divided by 11?
10
What is the remainder when 595 is divided by 83?
14
What is the remainder when 219 is divided by 27?
3
What is the remainder when 192 is divided by 13?
10
What is the remainder when 790 is divided by 6?
4
Calculate the remainder when 1423 is divided by 102.
97
What is the remainder when 5048 is divided by 50?
48
Calculate the remainder when 149 is divided by 25.
24
Calculate the remainder when 193 is divided by 97.
96
What is the remainder when 82 is divided by 30?
22
What is the remainder when 86 is divided by 31?
24
What is the remainder when 2137 is divided by 69?
67
What is the remainder when 231 is divided by 17?
10
Calculate the remainder when 347 is divided by 6.
5
What is the remainder when 631 is divided by 196?
43
What is the remainder when 7454 is divided by 16?
14
What is the remainder when 65 is divided by 20?
5
What is the remainder when 314 is divided by 84?
62
What is the remainder when 50 is divided by 12?
2
Calculate the remainder when 1575 is divided by 132.
123
Calculate the remainder when 354 is divided by 36.
30
Calculate the remainder when 836 is divided by 62.
30
What is the remainder when 1142 is divided by 44?
42
Calculate the remainder when 506 is divided by 27.
20
What is the remainder when 98 is divided by 22?
10
Calculate the remainder when 660 is divided by 21.
9
What is the remainder when 64 is divided by 23?
18
Calculate the remainder when 66 is divided by 10.
6
What is the remainder when 360 is divided by 29?
12
What is the remainder when 2317 is divided by 43?
38
What is the remainder when 405 is divided by 16?
5
Calculate the remainder when 899 is divided by 10.
9
What is the remainder when 163 is divided by 4?
3
What is the remainder when 1025 is divided by 79?
77
Calculate the remainder when 1701 is divided by 152.
29
What is the remainder when 298 is divided by 41?
11
What is the remainder when 59 is divided by 35?
24
Calculate the remainder when 240 is divided by 11.
9
What is the remainder when 157 is divided by 105?
52
Calculate the remainder when 1369 is divided by 28.
25
Calculate the remainder when 123 is divided by 51.
21
Calculate the remainder when 52 is divided by 48.
4
What is the remainder when 37 is divided by 9?
1
What is the remainder when 3196 is divided by 56?
4
Calculate the remainder when 110 is divided by 42.
26
Calculate the remainder when 483 is divided by 183.
117
What is the remainder when 514 is divided by 312?
202
What is the remainder when 134 is divided by 8?
6
What is the remainder when 14271 is divided by 86?
81
What is the remainder when 6901 is divided by 8?
5
Calculate the remainder when 18845 is divided by 124.
121
Calculate the remainder when 1134 is divided by 562.
10
What is the remainder when 23 is divided by 8?
7
What is the remainder when 227 is divided by 21?
17
What is the remainder when 3130 is divided by 81?
52
What is the remainder when 1663 is divided by 45?
43
What is the remainder when 9394 is divided by 174?
172
What is the remainder when 476 is divided by 45?
26
What is the remainder when 438 is divided by 43?
8
Calculate the remainder when 19 is divided by 17.
2
Calculate the remainder when 336 is divided by 20.
16
What is the remainder when 166 is divided by 76?
14
What is the remainder when 276 is divided by 14?
10
Calculate the remainder when 16867 is divided by 14.
11
What is the remainder when 115 is divided by 23?
0
Calculate the remainder when 1768 is divided by 884.
0
What is the remainder when 2210 is divided by 18?
14
What is the remainder when 160 is divided by 74?
12
Calculate the remainder when 761 is divided by 51.
47
Calculate the remainder when 159 is divided by 27.
24
Calculate the remainder when 6965 is divided by 52.
49
What is the remainder when 6213 is divided by 13?
12
What is the remainder when 3340 is divided by 12?
4
What is the remainder when 205 is divided by 53?
46
What is the remainder when 1796 is divided by 100?
96
Calculate the remainder when 124 is divided by 14.
12
Calculate the remainder when 640 is divided by 24.
16
What is the remainder when 6577 is divided by 26?
25
Calculate the remainder when 78 is divided by 67.
11
Calculate the remainder when 137 is divided by 35.
32
What is the remainder when 129 is divided by 37?
18
What is the remainder when 33 is divided by 17?
16
Calculate the remainder when 287 is divided by 4.
3
Calculate the remainder when 255 is divided by 16.
15
What is the remainder when 1438 is divided by 120?
118
What is the remainder when 1149 is divided by 33?
27
What is the remainder when 325 is divided by 16?
5
Calculate the remainder when 89 is divided by 15.
14
Calculate the remainder when 877 is divided by 151.
122
Calculate the remainder when 1326 is divided by 431.
33
What is the remainder when 1343 is divided by 30?
23
What is the remainder when 75 is divided by 46?
29
What is the remainder when 301 is divided by 11?
4
What is the remainder when 1552 is divided by 14?
12
Calculate the remainder when 105 is divided by 21.
0
Calculate the remainder when 1237 is divided by 279.
121
Calculate the remainder when 1434 is divided by 476.
6
What is the remainder when 224 is divided by 18?
8
Calculate the remainder when 1055 is divided by 32.
31
Calculate the remainder when 2293 is divided by 253.
16
Calculate the remainder when 304 is divided by 69.
28
Calculate the remainder when 607 is divided by 61.
58
Calculate the remainder when 2932 is divided by 731.
8
Calculate the remainder when 144 is divided by 50.
44
What is the remainder when 172 is divided by 51?
19
What is the remainder when 91 is divided by 33?
25
Calculate the remainder when 252 is divided by 3.
0
What is the remainder when 57 is divided by 22?
13
What is the remainder when 89 is divided by 9?
8
What is the remainder when 51 is divided by 15?
6
What is the remainder when 254 is divided by 51?
50
Calculate the remainder when 467 is divided by 114.
11
Calculate the remainder when 3721 is divided by 8.
1
Calculate the remainder when 554 is divided by 80.
74
Calculate the remainder when 988 is divided by 125.
113
Calculate the remainder when 3038 is divided by 32.
30
What is the remainder when 346 is divided by 12?
10
Calculate the remainder when 866 is divided by 62.
60
Calculate the remainder when 206 is divided by 71.
64
What is the remainder when 625 is divided by 143?
53
Calculate the remainder when 637 is divided by 40.
37
What is the remainder when 159 is divided by 27?
24
Calculate the remainder when 835 is divided by 120.
115
Calculate the remainder when 13 is divided by 3.
1
Calculate the remainder when 195 is divided by 9.
6
Calculate the remainder when 764 is divided by 15.
14
Calculate the remainder when 103 is divided by 39.
25
What is the remainder when 1147 is divided by 10?
7
What is the remainder when 5849 is divided by 10?
9
What is the remainder when 17843 is divided by 27?
23
What is the remainder when 519 is divided by 20?
19
Calculate the remainder